/(-28) - 2). Calculate the greatest common divisor of 160 and z.
20
Let m(t) = 6*t - 3. Let x be m(4). Suppose 5*q + 3*k - 7 = 7*k, 0 = q - k - 1. Calculate the greatest common divisor of q and x.
3
Let x(t) = 2*t**2 - t - 25. Let j(w) = w**2 - 12. Let a(z) = 7*j(z) - 3*x(z). Let p be a(6). Calculate the highest common factor of 5 and p.
5
Let r be 9/2*16/6. Suppose -143 = -b - 4*v, 564 = 4*b - v + 43. Suppose -3*m - 41 = -b. What is the greatest common factor of r and m?
6
Suppose -y + 26 = 2*v + 2*v, 0 = -2*y + 3*v + 96. What is the highest common divisor of y and 28?
14
Let z(y) = 69*y. Let x be z(-1). Let r = 168 + x. Suppose 2*m - 4*u = -m + 13, -4 = m - 3*u. What is the greatest common divisor of r and m?
11
Let q = 24 + -19. Suppose 5*m = -2*r + 17 + 35, m - q*r = 32. Calculate the highest common divisor of 8 and m.
4
Let m(c) = 5*c**2 + c**2 - 6 + 3. Let z be m(-3). Let o = -31 + z. Calculate the highest common divisor of o and 10.
10
Let o be (-8)/28 - 1404/(-14). What is the highest common divisor of 150 and o?
50
Let m(u) = 10*u - 3. Let q(l) = 3*l**2 - l - 1. Let k be q(-1). Let n be m(k). Suppose -4*g + 45 = 9. Calculate the highest common factor of g and n.
9
Let n(u) = -u - 7 + 2 - 3 + 1. Let d be n(-10). What is the greatest common factor of 9 and d?
3
Suppose 0 = 3*z - 10 + 4. Let o = 1 - 46. Let y be ((-6)/(-15))/((-1)/o). What is the highest common divisor of z and y?
2
Suppose 0 = -3*n - 6 - 6. Let x be (-2 - -4)/(2/7). Let v = n + x. Calculate the greatest common factor of 21 and v.
3
Let r(l) = l**3 + 5*l**2 + l + 4. Let a be r(-5). Let d = a - -7. Let s be (6/4)/(9/d). What is the highest common divisor of 5 and s?
1
Let s = 12 - 9. Suppose -3*d - 6 = 0, s*d + d + 246 = 2*y. Calculate the highest common factor of 17 and y.
17
Suppose 0 = 3*t + 12, 4*n - 4*t - 88 = n. Calculate the greatest common factor of 216 and n.
24
Let l(x) = x**3 - x**2 - 2*x. Let z be l(3). Calculate the greatest common divisor of 24 and z.
12
Let i be (6/(-5))/(10/(-25)). Suppose i*a + 2*a = 30. What is the highest common divisor of 66 and a?
6
Let i(l) = -l**3 - 8*l**2 + 6*l - 11. Let x be i(-9). What is the greatest common divisor of 40 and x?
8
Suppose 0 = d - 25 - 47. What is the greatest common divisor of d and 180?
36
Let y(c) = 6 + 3*c - 1 - 1 - c. Suppose -24 = -4*t - 2*d, -4*t + 41 - 3 = -5*d. Let x be y(t). Calculate the highest common factor of 9 and x.
9
Suppose -5*m = 2*i - 7, 0 = 3*i + 2*i + m - 6. Let s(f) = -f**2 + f + 2. Let a be s(3). Let n = 11 + a. Calculate the highest common divisor of i and n.
1
Suppose -3*u = -0*u - 18. Let i be (-78)/(-24) - (-3)/4. Suppose 3*m + 0*m - 4 = -w, -3*w = i*m - 12. Calculate the greatest common divisor of u and w.
2
Suppose 2*u = 31 + 5. What is the greatest common divisor of u and 198?
18
Suppose -5*b - 10 = 0, 0 = -5*p - b + 42 + 6. What is the greatest common factor of 15 and p?
5
Let a = -178 + 273. Suppose j + n = -0*j + 40, 5*n - 86 = -2*j. Calculate the greatest common divisor of j and a.
19
Let k = -12 + 17. Suppose 5*c - 5*i = 95, -c - 12 + 1 = k*i. Calculate the highest common divisor of c and 7.
7
Suppose 4*m - 141 = 19. What is the greatest common factor of 8 and m?
8
Let u = -20 + 48. Calculate the highest common divisor of 196 and u.
28
Let z be (6/(-9))/(14/(-147)). Let c be (-9)/(-2) - 2/4. Suppose z + 53 = c*j. What is the greatest common divisor of j and 10?
5
Let n = -12 - -19. What is the highest common factor of n and 7?
7
Suppose m - 5 = 9. What is the greatest common divisor of 126 and m?
14
Suppose 5*k + 7 = -18. Let u be (-6)/k*25/2. Calculate the greatest common divisor of 5 and u.
5
Let g be 3 - (-3)/(-6)*-14. Calculate the greatest common divisor of g and 70.
10
Suppose 12 = 3*v, 4*t = 2*v - 0*v + 40. Let m be 10*3/t*20. What is the greatest common factor of m and 10?
10
Suppose -2*r - 192 = 240. Let z be r/(-22) - (-4)/22. Calculate the highest common divisor of z and 10.
10
Let q = 2 + -2. Suppose 4*a - 12 = -q. Suppose 4*l = -l + 5, 23 = a*h - 4*l. Calculate the greatest common divisor of h and 45.
9
Let s = 580 - 323. Suppose 4*i + 0*d - s = d, 2*i = 4*d + 146. What is the highest common factor of i and 9?
9
Let c be (-1)/2 - (-14)/4. Suppose -c*s + 61 = 4*j, 2*s + 36 = 3*j + s. Calculate the highest common divisor of j and 52.
13
Let a = -3 + 4. Let b = a - -13. What is the highest common divisor of b and 98?
14
Let n(y) = 2*y**2 + y + 32. Let q be n(-5). Suppose 0 = d - 5 - 2. What is the highest common divisor of q and d?
7
Suppose 6*u = 2*u + 48. Suppose 0 = g + 2*f - 0 - 6, 5*g = -4*f + 48. Calculate the highest common factor of g and u.
12
Let a be ((-4)/2 - -3) + 3. Let m be (1/(-1))/(2/(-8)). Suppose 0*o - 2*c - a = -4*o, 4*o - m = 4*c. Calculate the highest common divisor of 9 and o.
1
Let v(f) = 0*f - 19 - f**3 - 7*f - 4*f + 5 - 5*f**2. Let q be v(-6). What is the highest common divisor of 8 and q?
8
Let a = 2 + 42. Calculate the highest common factor of a and 11.
11
Suppose -4*i + 8 = -0. Suppose -5*h = 4*p - 18, p - 5*h - i = -10. Calculate the greatest common factor of p and 6.
2
Let c = -4 - -10. Let x be c/(2 + -4) - -73. Calculate the greatest common divisor of x and 10.
10
Let i be (-1 + -131)*(-1)/2. Suppose -20*f + 25*f = 30. Calculate the greatest common factor of f and i.
6
Let l(g) = -g + 12. Let m be l(-12). Calculate the highest common factor of 8 and m.
8
Let l be (-382)/(-18) + (-4)/18. Calculate the highest common divisor of l and 42.
21
Let g = -368 - -600. What is the highest common divisor of 29 and g?
29
Let l(q) = q**2 + 8*q - 12. Let f be l(-10). Calculate the highest common factor of 8 and f.
8
Let q(j) be the first derivative of j**2/2 + 2*j + 3. Let x be q(8). What is the highest common divisor of 5 and x?
5
Let y be 37*(1 + 1 + 9). Let t = y + -240. Suppose -t = -3*o + 58. What is the highest common factor of 30 and o?
15
Let j = 20 - 15. Suppose 3*b + 0*t - 160 = 5*t, 0 = -3*b - t + 130. What is the greatest common divisor of j and b?
5
Let o(q) = -4*q - 6 - q**2 + 2*q + q**3 + 7*q**2 + 4*q**2. Let b be o(-10). What is the greatest common factor of 14 and b?
14
Let f be (33/(-6))/((-2)/4). Calculate the highest common factor of 55 and f.
11
Suppose -4*p - 2*x = -132, 3*x - 89 = -4*p + 47. Suppose -3*f + p = -14. What is the highest common divisor of 120 and f?
15
Suppose -4*a + 11 + 29 = 0. What is the greatest common factor of 90 and a?
10
Let g be 6/(-8) - 637/(-28). Let s = -14 + g. What is the highest common divisor of s and 72?
8
Suppose k + 0 = 8. Calculate the greatest common factor of k and 2.
2
Let u(j) = 2*j**2 + 2*j + 2. Let m be u(-2). Suppose -2*p = -m*p + 20. Calculate the greatest common factor of 25 and p.
5
Let k be 3/(100/(-52) - -2). Calculate the highest common factor of k and 273.
39
Let j be (2 - 3 - -2) + 0. Suppose -5*r + 36 - j = 0. Suppose -3*w = -t + 20, -4*w - w - 45 = -2*t. Calculate the greatest common factor of t and r.
7
Suppose u - 32 = -2. Calculate the highest common divisor of u and 12.
6
Let a(m) = -8*m - 8. Let z = 0 + 3. Suppose 0 = -0*f + z*f - 3*v + 39, 2*v - 2 = 0. Let j be a(f). Calculate the highest common divisor of 8 and j.
8
Suppose 0 = -5*h - 3*b + 141, 11*h - 4*b = 6*h + 162. What is the highest common factor of 15 and h?
15
Suppose -8*s + 273 = 25. What is the greatest common divisor of 31 and s?
31
Suppose 5*l - 2*x = 173, -22 - 15 = -l - 2*x. Let o be (-1)/5*-3*l. What is the highest common divisor of o and 189?
21
Let n = 6 - 0. Let c(l) be the first derivative of l**3/3 - 2*l**2 - 3*l - 1. Let s be c(n). What is the greatest common factor of s and 3?
3
Let r(v) = 14*v**2 + 2*v + 7. Let y be r(4). Suppose -3*n = -y - 1. Calculate the greatest common factor of n and 10.
10
Let c(q) = q + 46. Suppose -n = -4*t - 2, 3*t - 10 = n - 6*n. Let f be c(t). Suppose -5*y + f = 6. What is the greatest common divisor of y and 72?
8
Let n(h) = 4*h**2 - h - 5. Let i be (2 - (-1)/(-1))*-6. Let r = i - -11. Let o be n(r). What is the greatest common divisor of 10 and o?
10
Suppose f - 20 = 3*i - 3, -23 = -4*f + 3*i. Suppose 6 = r - f*x, x = -x. Suppose 4*q - q = 6. What is the highest common factor of q and r?
2
Let b = -1 - -1. Suppose -t - 3*t + 28 = b. Suppose 5*c = -3*k + 195, -5*